{"id":11531,"date":"2025-06-02T12:28:41","date_gmt":"2025-06-02T09:28:41","guid":{"rendered":"https:\/\/davas.site\/rukasafaris\/?page_id=11531"},"modified":"2025-09-11T15:19:54","modified_gmt":"2025-09-11T12:19:54","slug":"hikikammari-sauna","status":"publish","type":"page","link":"https:\/\/davas.site\/rukasafaris\/saunat\/hikikammari-sauna\/","title":{"rendered":"Hikikammari Sauna"},"content":{"rendered":"<div><span>Iisakki Village<\/span><\/div>\n<h1>\n<p class=\"djc_title\"><span>Hikikammari<\/span><\/p>\n<\/h1>\n<div>\n<p><span data-contrast=\"auto\">Hikikammari on Iisakki Villagessa, Rukaj\u00e4rven rannalla, sijaitseva s\u00e4hk\u00f6l\u00e4mmitteinen sauna. Saunarakennuksesta l\u00f6ytyy pukuhuone, suihkutila (2 suihkua), l\u00f6ylyhuone, wc ja j\u00e4\u00e4kaappipakastin. Saunalla on my\u00f6s terassi ja oma laituri. Saunan lauteille mahtuu noin 6-8 henkil\u00f6\u00e4 kerrallaan.\u00a0<\/span><span data-ccp-props=\"{&quot;201341983&quot;:0,&quot;335559739&quot;:160,&quot;335559740&quot;:360}\"><\/span><\/p>\n<p><span data-contrast=\"auto\">Hikikammari on saanut\u00a0Authentic\u00a0Finnish\u00a0Sauna laatusertifikaatin.\u00a0<\/span><span data-ccp-props=\"{&quot;201341983&quot;:0,&quot;335559739&quot;:160,&quot;335559740&quot;:360}\"><\/span><\/p>\n<p><span data-contrast=\"auto\">Voit varata oman saunavuorosi hintaan 40-55 \u20ac\/tunti. Huomioithan, ett\u00e4 kiireisimp\u00e4\u00e4n majoitussesonkiaikaan saunavuoron voivat varata vain meill\u00e4 majoittuvat asiakkaat.\u00a0<\/span><\/p>\n<p><span data-contrast=\"auto\">Hikikammari ja Iisakin sauna sijaitsevat aivan vierekk\u00e4in tarjoten my\u00f6s isommalle saunaryhm\u00e4lle mahdollisuuden vuokrata molemmat saunat yht\u00e4 aikaa.\u00a0<\/p>\n<p>Varaa saunavuorosi Iisakki Villagen vastaanotosta:<br \/><a href=\"mailto:iisakkivillage@rukasafaris.fi\">iisakkivillage@rukasafaris.fi<\/a>\u00a0tai puh.\u00a0<a href=\"tel:+358 40 5016041\">+358 40 501 6041<\/a><\/span><\/p>\n<\/div>\n<p><img decoding=\"async\" src=\"\/rukasafaris\/wp-content\/uploads\/2022\/03\/Sauna_green_netti_muokattu.jpeg\" alt=\"\"><\/p>\n<p><p>\n        <a href=\"\/rukasafaris\/wp-content\/uploads\/2022\/03\/Sauna-sertifikaatti-Hikikammari-2021.pdf\">Saunasertifikaatti<\/a>\n    <\/p>\n<\/p>\n<ul>\n<li>\n<p>        <img decoding=\"async\" src=\"\/rukasafaris\/wp-content\/uploads\/2022\/03\/Hikikammari-private-sauna.jpg\" alt=\"\"><\/p>\n<h3>Hikikammari-private-sauna<\/h3>\n<\/li>\n<li>\n<p>        <img decoding=\"async\" src=\"\/rukasafaris\/wp-content\/uploads\/2022\/03\/saunakiulu.jpg\" alt=\"\"><\/p>\n<h3>saunakiulu<\/h3>\n<\/li>\n<\/ul>\n<p><!--more--><br \/>\n<!-- {\"children\":[{\"name\":\"Hero\",\"type\":\"section\",\"props\":{\"height\":\"viewport\",\"height_offset_top\":true,\"image\":\"wp-content\\\/uploads\\\/2022\\\/03\\\/hikikammari-sauna-iso.jpg\",\"image_effect\":\"parallax\",\"image_height\":\"1300\",\"image_loading\":true,\"image_parallax_bgy\":\"-200,0\",\"image_parallax_breakpoint\":\"m\",\"image_parallax_easing\":\"1\",\"image_position\":\"top-center\",\"image_size\":\"cover\",\"image_width\":\"2560\",\"media_overlay\":\"rgba(0, 0, 0, 0.08)\",\"overlap\":false,\"padding\":\"large\",\"style\":\"default\",\"text_color\":\"light\",\"title_breakpoint\":\"xl\",\"title_position\":\"top-left\",\"title_rotation\":\"left\",\"vertical_align\":\"middle\",\"width\":\"large\"},\"children\":[{\"type\":\"row\",\"children\":[{\"type\":\"column\",\"props\":{\"image_position\":\"center-center\",\"position_sticky_breakpoint\":\"m\",\"width_medium\":\"1-1\"},\"children\":[{\"type\":\"headline\",\"props\":{\"content\":\"<span>Iisakki Village<\\\/span>\",\"margin\":\"small\",\"text_align\":\"center\",\"title_decoration\":\"line\",\"title_element\":\"div\",\"title_font_family\":\"tertiary\",\"title_style\":\"h3\"}},{\"type\":\"headline\",\"props\":{\"content\":\"\n\n<p class=\\\"djc_title\\\"><span>Hikikammari<\\\/span><\\\/p>\",\"margin_remove_top\":true,\"text_align\":\"center\",\"title_element\":\"h1\",\"title_style\":\"heading-large\"}}]}]}]},{\"type\":\"section\",\"props\":{\"image_position\":\"center-center\",\"padding_remove_top\":false,\"style\":\"default\",\"title_breakpoint\":\"xl\",\"title_position\":\"center-left\",\"title_rotation\":\"left\",\"vertical_align\":\"\",\"width\":\"small\"},\"children\":[{\"type\":\"row\",\"children\":[{\"type\":\"column\",\"props\":{\"image_position\":\"center-center\",\"position_sticky_breakpoint\":\"m\",\"width_medium\":\"2-3\",\"width_small\":\"2-3\"},\"children\":[{\"type\":\"text\",\"props\":{\"column_breakpoint\":\"m\",\"content\":\"\n\n<p><span data-contrast=\\\"auto\\\">Hikikammari on Iisakki Villagessa, Rukaj\\u00e4rven rannalla, sijaitseva s\\u00e4hk\\u00f6l\\u00e4mmitteinen sauna. Saunarakennuksesta l\\u00f6ytyy pukuhuone, suihkutila (2 suihkua), l\\u00f6ylyhuone, wc ja j\\u00e4\\u00e4kaappipakastin. Saunalla on my\\u00f6s terassi ja oma laituri. Saunan lauteille mahtuu noin 6-8 henkil\\u00f6\\u00e4 kerrallaan.\\u00a0<\\\/span><span data-ccp-props=\\\"{&quot;201341983&quot;:0,&quot;335559739&quot;:160,&quot;335559740&quot;:360}\\\"><\\\/span><\\\/p>\\n\n\n<p><span data-contrast=\\\"auto\\\">Hikikammari on saanut\\u00a0Authentic\\u00a0Finnish\\u00a0Sauna laatusertifikaatin.\\u00a0<\\\/span><span data-ccp-props=\\\"{&quot;201341983&quot;:0,&quot;335559739&quot;:160,&quot;335559740&quot;:360}\\\"><\\\/span><\\\/p>\\n\n\n<p><span data-contrast=\\\"auto\\\">Voit varata oman saunavuorosi hintaan 40-55 \\u20ac\\\/tunti. Huomioithan, ett\\u00e4 kiireisimp\\u00e4\\u00e4n majoitussesonkiaikaan saunavuoron voivat varata vain meill\\u00e4 majoittuvat asiakkaat.\\u00a0<\\\/span><\\\/p>\\n\n\n<p><span data-contrast=\\\"auto\\\">Hikikammari ja Iisakin sauna sijaitsevat aivan vierekk\\u00e4in tarjoten my\\u00f6s isommalle saunaryhm\\u00e4lle mahdollisuuden vuokrata molemmat saunat yht\\u00e4 aikaa.\\u00a0<br \\\/><br \\\/>Varaa saunavuorosi Iisakki Villagen vastaanotosta:<br \\\/><a href=\\\"mailto:iisakkivillage@rukasafaris.fi\\\">iisakkivillage@rukasafaris.fi<\\\/a>\\u00a0tai puh.\\u00a0<a href=\\\"tel:+358 40 5016041\\\">+358 40 501 6041<\\\/a><\\\/span><\\\/p>\",\"margin\":\"medium\"}}]},{\"type\":\"column\",\"props\":{\"image_position\":\"center-center\",\"position_sticky_breakpoint\":\"m\",\"width_medium\":\"1-3\",\"width_small\":\"1-3\"},\"children\":[{\"type\":\"image\",\"props\":{\"image\":\"wp-content\\\/uploads\\\/2022\\\/03\\\/Sauna_green_netti_muokattu.jpeg\",\"image_svg_color\":\"emphasis\",\"margin\":\"default\"}},{\"type\":\"button\",\"props\":{\"grid_column_gap\":\"small\",\"grid_row_gap\":\"small\",\"margin\":\"default\"},\"children\":[{\"type\":\"button_item\",\"props\":{\"button_style\":\"text\",\"content\":\"Saunasertifikaatti\",\"dialog_layout\":\"modal\",\"dialog_offcanvas_flip\":true,\"icon\":\"file-pdf\",\"icon_align\":\"left\",\"link\":\"wp-content\\\/uploads\\\/2022\\\/03\\\/Sauna-sertifikaatti-Hikikammari-2021.pdf\",\"link_target\":\"blank\"}}]}]}],\"props\":{\"layout\":\"2-3,1-3\"}},{\"type\":\"row\",\"children\":[{\"type\":\"column\",\"props\":{\"image_position\":\"center-center\",\"position_sticky_breakpoint\":\"m\",\"width_medium\":\"1-1\"},\"children\":[{\"type\":\"overlay-slider\",\"props\":{\"container_padding_remove\":true,\"image_height\":\"400\",\"image_width\":\"600\",\"link_style\":\"default\",\"link_text\":\"\",\"margin\":\"default\",\"meta_align\":\"below-title\",\"meta_element\":\"div\",\"meta_style\":\"text-meta\",\"nav\":\"\",\"nav_align\":\"left\",\"nav_below\":true,\"nav_breakpoint\":\"s\",\"nav_position\":\"bottom-center\",\"nav_position_margin\":\"medium\",\"overlay_link\":true,\"overlay_mode\":\"cover\",\"overlay_position\":\"center\",\"overlay_transition\":\"fade\",\"show_content\":true,\"show_hover_image\":true,\"show_hover_video\":true,\"show_link\":true,\"show_meta\":true,\"show_title\":false,\"slidenav\":\"default\",\"slidenav_breakpoint\":\"s\",\"slidenav_large\":true,\"slidenav_margin\":\"small\",\"slidenav_outside_breakpoint\":\"xl\",\"slider_autoplay\":true,\"slider_autoplay_pause\":true,\"slider_center\":false,\"slider_finite\":false,\"slider_gap\":\"small\",\"slider_width\":\"\",\"slider_width_default\":\"1-1\",\"slider_width_medium\":\"1-3\",\"text_align\":\"center\",\"title_element\":\"h3\",\"title_hover_style\":\"reset\"},\"children\":[{\"type\":\"overlay-slider_item\",\"props\":{\"image\":\"wp-content\\\/uploads\\\/2022\\\/03\\\/Hikikammari-private-sauna.jpg\",\"title\":\"Hikikammari-private-sauna\"}},{\"type\":\"overlay-slider_item\",\"props\":{\"image\":\"wp-content\\\/uploads\\\/2022\\\/03\\\/saunakiulu.jpg\",\"title\":\"saunakiulu\"}}]}]}]}],\"name\":\"Hikikammari EN\"}],\"type\":\"layout\",\"version\":\"4.5.16\"} --><\/p>\n","protected":false},"excerpt":{"rendered":"<p>Iisakki Village Hikikammari Hikikammari on Iisakki Villagessa, Rukaj\u00e4rven rannalla, sijaitseva s\u00e4hk\u00f6l\u00e4mmitteinen sauna. Saunarakennuksesta l\u00f6ytyy pukuhuone, suihkutila (2 suihkua), l\u00f6ylyhuone, wc ja j\u00e4\u00e4kaappipakastin. Saunalla on my\u00f6s terassi ja oma laituri. Saunan lauteille mahtuu noin 6-8 henkil\u00f6\u00e4 kerrallaan.\u00a0 Hikikammari on saanut\u00a0Authentic\u00a0Finnish\u00a0Sauna laatusertifikaatin.\u00a0 Voit varata oman saunavuorosi hintaan 40-55 \u20ac\/tunti. Huomioithan, ett\u00e4 kiireisimp\u00e4\u00e4n majoitussesonkiaikaan saunavuoron voivat varata vain [&hellip;]<\/p>\n","protected":false},"author":6,"featured_media":4032,"parent":1111,"menu_order":2,"comment_status":"closed","ping_status":"closed","template":"","meta":{"cybocfi_hide_featured_image":"","footnotes":""},"class_list":["post-11531","page","type-page","status-publish","has-post-thumbnail","hentry"],"yoast_head":"<!-- This site is optimized with the Yoast SEO Premium plugin v25.1 (Yoast SEO v25.3) - https:\/\/yoast.com\/wordpress\/plugins\/seo\/ -->\n<title>Hikikammari Sauna - Ruka Safaris, Kuusamo, Finland<\/title>\n<meta name=\"description\" content=\"Ruka Safaris has several saunas and get-together places for groups of all sizes to spend an evening.\" \/>\n<meta name=\"robots\" content=\"index, follow, max-snippet:-1, max-image-preview:large, max-video-preview:-1\" \/>\n<link rel=\"canonical\" href=\"https:\/\/davas.site\/rukasafaris\/saunat\/hikikammari-sauna\/\" \/>\n<meta property=\"og:locale\" content=\"fi_FI\" \/>\n<meta property=\"og:type\" content=\"article\" \/>\n<meta property=\"og:title\" content=\"Hikikammari Sauna\" \/>\n<meta property=\"og:description\" content=\"Ruka Safaris has several saunas and get-together places for groups of all sizes to spend an evening.\" \/>\n<meta property=\"og:url\" content=\"https:\/\/davas.site\/rukasafaris\/saunat\/hikikammari-sauna\/\" \/>\n<meta property=\"og:site_name\" content=\"Ruka Safaris, Kuusamo, Finland\" \/>\n<meta property=\"article:publisher\" content=\"https:\/\/www.facebook.com\/rukasafaris\" \/>\n<meta property=\"article:modified_time\" content=\"2025-09-11T12:19:54+00:00\" \/>\n<meta property=\"og:image\" content=\"https:\/\/davas.site\/rukasafaris\/wp-content\/uploads\/2023\/02\/P7140992-scaled.jpg\" \/>\n\t<meta property=\"og:image:width\" content=\"2560\" \/>\n\t<meta property=\"og:image:height\" content=\"1707\" \/>\n\t<meta property=\"og:image:type\" content=\"image\/jpeg\" \/>\n<meta name=\"twitter:card\" content=\"summary_large_image\" \/>\n<meta name=\"twitter:label1\" content=\"Arvioitu lukuaika\" \/>\n\t<meta name=\"twitter:data1\" content=\"2 minuuttia\" \/>\n<script type=\"application\/ld+json\" class=\"yoast-schema-graph\">{\"@context\":\"https:\/\/schema.org\",\"@graph\":[{\"@type\":\"WebPage\",\"@id\":\"https:\/\/davas.site\/rukasafaris\/saunat\/hikikammari-sauna\/\",\"url\":\"https:\/\/davas.site\/rukasafaris\/saunat\/hikikammari-sauna\/\",\"name\":\"Hikikammari Sauna - Ruka Safaris, Kuusamo, Finland\",\"isPartOf\":{\"@id\":\"https:\/\/davas.site\/rukasafaris\/#website\"},\"primaryImageOfPage\":{\"@id\":\"https:\/\/davas.site\/rukasafaris\/saunat\/hikikammari-sauna\/#primaryimage\"},\"image\":{\"@id\":\"https:\/\/davas.site\/rukasafaris\/saunat\/hikikammari-sauna\/#primaryimage\"},\"thumbnailUrl\":\"https:\/\/davas.site\/rukasafaris\/wp-content\/uploads\/2023\/02\/P7140992-scaled.jpg\",\"datePublished\":\"2025-06-02T09:28:41+00:00\",\"dateModified\":\"2025-09-11T12:19:54+00:00\",\"description\":\"Ruka Safaris has several saunas and get-together places for groups of all sizes to spend an evening.\",\"breadcrumb\":{\"@id\":\"https:\/\/davas.site\/rukasafaris\/saunat\/hikikammari-sauna\/#breadcrumb\"},\"inLanguage\":\"fi\",\"potentialAction\":[{\"@type\":\"ReadAction\",\"target\":[\"https:\/\/davas.site\/rukasafaris\/saunat\/hikikammari-sauna\/\"]}]},{\"@type\":\"ImageObject\",\"inLanguage\":\"fi\",\"@id\":\"https:\/\/davas.site\/rukasafaris\/saunat\/hikikammari-sauna\/#primaryimage\",\"url\":\"https:\/\/davas.site\/rukasafaris\/wp-content\/uploads\/2023\/02\/P7140992-scaled.jpg\",\"contentUrl\":\"https:\/\/davas.site\/rukasafaris\/wp-content\/uploads\/2023\/02\/P7140992-scaled.jpg\",\"width\":2560,\"height\":1707,\"caption\":\"OLYMPUS DIGITAL CAMERA\"},{\"@type\":\"BreadcrumbList\",\"@id\":\"https:\/\/davas.site\/rukasafaris\/saunat\/hikikammari-sauna\/#breadcrumb\",\"itemListElement\":[{\"@type\":\"ListItem\",\"position\":1,\"name\":\"Home\",\"item\":\"https:\/\/davas.site\/rukasafaris\/\"},{\"@type\":\"ListItem\",\"position\":2,\"name\":\"Saunat\",\"item\":\"https:\/\/davas.site\/rukasafaris\/saunat\/\"},{\"@type\":\"ListItem\",\"position\":3,\"name\":\"Hikikammari Sauna\"}]},{\"@type\":\"WebSite\",\"@id\":\"https:\/\/davas.site\/rukasafaris\/#website\",\"url\":\"https:\/\/davas.site\/rukasafaris\/\",\"name\":\"Ruka Safaris, Kuusamo\",\"description\":\"Adventure Travel Since 1988\",\"publisher\":{\"@id\":\"https:\/\/davas.site\/rukasafaris\/#organization\"},\"potentialAction\":[{\"@type\":\"SearchAction\",\"target\":{\"@type\":\"EntryPoint\",\"urlTemplate\":\"https:\/\/davas.site\/rukasafaris\/?s={search_term_string}\"},\"query-input\":{\"@type\":\"PropertyValueSpecification\",\"valueRequired\":true,\"valueName\":\"search_term_string\"}}],\"inLanguage\":\"fi\"},{\"@type\":\"Organization\",\"@id\":\"https:\/\/davas.site\/rukasafaris\/#organization\",\"name\":\"Ruka Safaris\",\"url\":\"https:\/\/davas.site\/rukasafaris\/\",\"logo\":{\"@type\":\"ImageObject\",\"inLanguage\":\"fi\",\"@id\":\"https:\/\/davas.site\/rukasafaris\/#\/schema\/logo\/image\/\",\"url\":\"https:\/\/davas.site\/rukasafaris\/wp-content\/uploads\/2022\/03\/ruka-safaris-logo.png\",\"contentUrl\":\"https:\/\/davas.site\/rukasafaris\/wp-content\/uploads\/2022\/03\/ruka-safaris-logo.png\",\"width\":500,\"height\":500,\"caption\":\"Ruka Safaris\"},\"image\":{\"@id\":\"https:\/\/davas.site\/rukasafaris\/#\/schema\/logo\/image\/\"},\"sameAs\":[\"https:\/\/www.facebook.com\/rukasafaris\",\"https:\/\/www.instagram.com\/rukasafaris\",\"https:\/\/www.youtube.com\/user\/rukasafaris\"]}]}<\/script>\n<!-- \/ Yoast SEO Premium plugin. -->","yoast_head_json":{"title":"Hikikammari Sauna - Ruka Safaris, Kuusamo, Finland","description":"Ruka Safaris has several saunas and get-together places for groups of all sizes to spend an evening.","robots":{"index":"index","follow":"follow","max-snippet":"max-snippet:-1","max-image-preview":"max-image-preview:large","max-video-preview":"max-video-preview:-1"},"canonical":"https:\/\/davas.site\/rukasafaris\/saunat\/hikikammari-sauna\/","og_locale":"fi_FI","og_type":"article","og_title":"Hikikammari Sauna","og_description":"Ruka Safaris has several saunas and get-together places for groups of all sizes to spend an evening.","og_url":"https:\/\/davas.site\/rukasafaris\/saunat\/hikikammari-sauna\/","og_site_name":"Ruka Safaris, Kuusamo, Finland","article_publisher":"https:\/\/www.facebook.com\/rukasafaris","article_modified_time":"2025-09-11T12:19:54+00:00","og_image":[{"width":2560,"height":1707,"url":"https:\/\/davas.site\/rukasafaris\/wp-content\/uploads\/2023\/02\/P7140992-scaled.jpg","type":"image\/jpeg"}],"twitter_card":"summary_large_image","twitter_misc":{"Arvioitu lukuaika":"2 minuuttia"},"schema":{"@context":"https:\/\/schema.org","@graph":[{"@type":"WebPage","@id":"https:\/\/davas.site\/rukasafaris\/saunat\/hikikammari-sauna\/","url":"https:\/\/davas.site\/rukasafaris\/saunat\/hikikammari-sauna\/","name":"Hikikammari Sauna - Ruka Safaris, Kuusamo, Finland","isPartOf":{"@id":"https:\/\/davas.site\/rukasafaris\/#website"},"primaryImageOfPage":{"@id":"https:\/\/davas.site\/rukasafaris\/saunat\/hikikammari-sauna\/#primaryimage"},"image":{"@id":"https:\/\/davas.site\/rukasafaris\/saunat\/hikikammari-sauna\/#primaryimage"},"thumbnailUrl":"https:\/\/davas.site\/rukasafaris\/wp-content\/uploads\/2023\/02\/P7140992-scaled.jpg","datePublished":"2025-06-02T09:28:41+00:00","dateModified":"2025-09-11T12:19:54+00:00","description":"Ruka Safaris has several saunas and get-together places for groups of all sizes to spend an evening.","breadcrumb":{"@id":"https:\/\/davas.site\/rukasafaris\/saunat\/hikikammari-sauna\/#breadcrumb"},"inLanguage":"fi","potentialAction":[{"@type":"ReadAction","target":["https:\/\/davas.site\/rukasafaris\/saunat\/hikikammari-sauna\/"]}]},{"@type":"ImageObject","inLanguage":"fi","@id":"https:\/\/davas.site\/rukasafaris\/saunat\/hikikammari-sauna\/#primaryimage","url":"https:\/\/davas.site\/rukasafaris\/wp-content\/uploads\/2023\/02\/P7140992-scaled.jpg","contentUrl":"https:\/\/davas.site\/rukasafaris\/wp-content\/uploads\/2023\/02\/P7140992-scaled.jpg","width":2560,"height":1707,"caption":"OLYMPUS DIGITAL CAMERA"},{"@type":"BreadcrumbList","@id":"https:\/\/davas.site\/rukasafaris\/saunat\/hikikammari-sauna\/#breadcrumb","itemListElement":[{"@type":"ListItem","position":1,"name":"Home","item":"https:\/\/davas.site\/rukasafaris\/"},{"@type":"ListItem","position":2,"name":"Saunat","item":"https:\/\/davas.site\/rukasafaris\/saunat\/"},{"@type":"ListItem","position":3,"name":"Hikikammari Sauna"}]},{"@type":"WebSite","@id":"https:\/\/davas.site\/rukasafaris\/#website","url":"https:\/\/davas.site\/rukasafaris\/","name":"Ruka Safaris, Kuusamo","description":"Adventure Travel Since 1988","publisher":{"@id":"https:\/\/davas.site\/rukasafaris\/#organization"},"potentialAction":[{"@type":"SearchAction","target":{"@type":"EntryPoint","urlTemplate":"https:\/\/davas.site\/rukasafaris\/?s={search_term_string}"},"query-input":{"@type":"PropertyValueSpecification","valueRequired":true,"valueName":"search_term_string"}}],"inLanguage":"fi"},{"@type":"Organization","@id":"https:\/\/davas.site\/rukasafaris\/#organization","name":"Ruka Safaris","url":"https:\/\/davas.site\/rukasafaris\/","logo":{"@type":"ImageObject","inLanguage":"fi","@id":"https:\/\/davas.site\/rukasafaris\/#\/schema\/logo\/image\/","url":"https:\/\/davas.site\/rukasafaris\/wp-content\/uploads\/2022\/03\/ruka-safaris-logo.png","contentUrl":"https:\/\/davas.site\/rukasafaris\/wp-content\/uploads\/2022\/03\/ruka-safaris-logo.png","width":500,"height":500,"caption":"Ruka Safaris"},"image":{"@id":"https:\/\/davas.site\/rukasafaris\/#\/schema\/logo\/image\/"},"sameAs":["https:\/\/www.facebook.com\/rukasafaris","https:\/\/www.instagram.com\/rukasafaris","https:\/\/www.youtube.com\/user\/rukasafaris"]}]}},"_links":{"self":[{"href":"https:\/\/davas.site\/rukasafaris\/wp-json\/wp\/v2\/pages\/11531","targetHints":{"allow":["GET"]}}],"collection":[{"href":"https:\/\/davas.site\/rukasafaris\/wp-json\/wp\/v2\/pages"}],"about":[{"href":"https:\/\/davas.site\/rukasafaris\/wp-json\/wp\/v2\/types\/page"}],"author":[{"embeddable":true,"href":"https:\/\/davas.site\/rukasafaris\/wp-json\/wp\/v2\/users\/6"}],"replies":[{"embeddable":true,"href":"https:\/\/davas.site\/rukasafaris\/wp-json\/wp\/v2\/comments?post=11531"}],"version-history":[{"count":6,"href":"https:\/\/davas.site\/rukasafaris\/wp-json\/wp\/v2\/pages\/11531\/revisions"}],"predecessor-version":[{"id":12790,"href":"https:\/\/davas.site\/rukasafaris\/wp-json\/wp\/v2\/pages\/11531\/revisions\/12790"}],"up":[{"embeddable":true,"href":"https:\/\/davas.site\/rukasafaris\/wp-json\/wp\/v2\/pages\/1111"}],"wp:featuredmedia":[{"embeddable":true,"href":"https:\/\/davas.site\/rukasafaris\/wp-json\/wp\/v2\/media\/4032"}],"wp:attachment":[{"href":"https:\/\/davas.site\/rukasafaris\/wp-json\/wp\/v2\/media?parent=11531"}],"curies":[{"name":"wp","href":"https:\/\/api.w.org\/{rel}","templated":true}]}}