{"id":792,"date":"2022-03-25T12:46:31","date_gmt":"2022-03-25T10:46:31","guid":{"rendered":"https:\/\/davas.site\/rukasafaris\/?page_id=792"},"modified":"2025-05-26T14:41:10","modified_gmt":"2025-05-26T11:41:10","slug":"ryhmille","status":"publish","type":"page","link":"https:\/\/davas.site\/rukasafaris\/majoitus\/ryhmille\/","title":{"rendered":"Majoitusta ryhmille"},"content":{"rendered":"<div>Iisakki Village ja Ruka<\/div>\n<h1>Majoitusta ryhmille<\/h1>\n<p><img decoding=\"async\" src=\"\/rukasafaris\/wp-content\/uploads\/2022\/03\/luppolinna-oleskelu.jpeg\" alt=\"Luppolinna\"><\/p>\n<div>\n<h2>Koko porukka saman katon alle<\/h2>\n<div>\n<p><span>T\u00e4ydelliset majoitusratkaisut ryhmille. Majoitustiloissa on tilavat oleskelu- ja ruokailutilat, miss\u00e4 voit j\u00e4rjest\u00e4\u00e4 kokouksen, ryhm\u00e4ruokailut tai yhteisen illanvieton.<\/span><\/p>\n<p><span>Majoituksen hintaan kuuluu aina pyyhkeet, liinavaatteet ja normaali loppusiivous.\u00a0<\/span><\/p>\n<h4>Tervetuloa viihtym\u00e4\u00e4n!<\/h4>\n<\/div>\n<\/div>\n<ul>\n<li>\n<p>        <img decoding=\"async\" src=\"\/rukasafaris\/wp-content\/uploads\/2023\/09\/IMG_10791-scaled.jpg\" alt=\"Er\u00e4maamajoitusta\"><\/p>\n<h3>Er\u00e4maamajoitusta<\/h3>\n<p><a href=\"\/rukasafaris\/majoitus\/eramaakohteet\/\"><\/a><\/p>\n<\/li>\n<li>\n<p>        <img decoding=\"async\" src=\"\/rukasafaris\/wp-content\/uploads\/2022\/03\/luppolinna-kesalla3.jpg\" alt=\"Luppolinna\"><\/p>\n<h3>Luppolinna<\/h3>\n<p>12-24 hl\u00f6\u00e4<\/p>\n<p><a href=\"\/rukasafaris\/majoitus\/iisakki-villagen-mokit-ja-huoneistot\/luppolinna\/\"><\/a><\/p>\n<\/li>\n<\/ul>\n<p><!--more--><br \/>\n<!-- {\"children\":[{\"name\":\"Hero\",\"type\":\"section\",\"props\":{\"height\":\"viewport\",\"height_offset_top\":true,\"image\":\"wp-content\\\/uploads\\\/2022\\\/03\\\/luppolinna-oleskelu-iso.jpg\",\"image_effect\":\"parallax\",\"image_height\":\"1100\",\"image_parallax_bgy\":\"-200,0\",\"image_parallax_breakpoint\":\"m\",\"image_parallax_easing\":\"1\",\"image_position\":\"top-center\",\"image_size\":\"cover\",\"image_width\":\"2200\",\"media_overlay\":\"rgba(0, 0, 0, 0.17)\",\"overlap\":false,\"padding\":\"large\",\"style\":\"default\",\"text_color\":\"light\",\"title_breakpoint\":\"xl\",\"title_position\":\"top-left\",\"title_rotation\":\"left\",\"vertical_align\":\"middle\",\"width\":\"xlarge\"},\"children\":[{\"type\":\"row\",\"children\":[{\"type\":\"column\",\"props\":{\"image_position\":\"center-center\",\"position_sticky_breakpoint\":\"m\",\"width_medium\":\"1-1\"},\"children\":[{\"type\":\"headline\",\"props\":{\"content\":\"Iisakki Village ja Ruka\",\"title_element\":\"div\",\"title_style\":\"h3\"}},{\"type\":\"headline\",\"props\":{\"content\":\"Majoitusta ryhmille\",\"margin_remove_top\":true,\"maxwidth\":\"2xlarge\",\"title_element\":\"h1\",\"title_style\":\"heading-xlarge\"}}]}]}]},{\"name\":\"About\",\"type\":\"section\",\"props\":{\"image_position\":\"center-center\",\"overlap\":false,\"padding\":\"none\",\"padding_remove_bottom\":false,\"padding_remove_top\":false,\"style\":\"default\",\"title_breakpoint\":\"xl\",\"title_position\":\"center-right\",\"title_rotation\":\"left\",\"vertical_align\":\"\",\"width\":\"xlarge\"},\"children\":[{\"type\":\"row\",\"props\":{\"column_gap\":\"collapse\",\"layout\":\"1-2,1-2\",\"row_gap\":\"collapse\"},\"children\":[{\"type\":\"column\",\"props\":{\"image_position\":\"center-center\",\"position_sticky_breakpoint\":\"m\",\"vertical_align\":\"middle\",\"width_medium\":\"1-2\"},\"children\":[{\"type\":\"image\",\"props\":{\"animation\":\"parallax\",\"block_align\":\"right\",\"image\":\"wp-content\\\/uploads\\\/2022\\\/03\\\/luppolinna-oleskelu.jpeg\",\"image_alt\":\"Luppolinna\",\"image_box_decoration\":\"default\",\"image_height\":\"420\",\"image_svg_color\":\"emphasis\",\"image_width\":\"640\",\"margin\":\"default\",\"maxwidth\":\"xlarge\",\"parallax_breakpoint\":\"m\",\"parallax_easing\":\"1\",\"parallax_y\":\"-100,-240\",\"text_align\":\"right\",\"visibility\":\"m\"}}]},{\"type\":\"column\",\"props\":{\"image_position\":\"center-center\",\"position_sticky_breakpoint\":\"m\",\"width_medium\":\"1-2\"},\"children\":[{\"type\":\"panel\",\"props\":{\"animation\":\"parallax\",\"content\":\"\n\n<p><span>T\\u00e4ydelliset majoitusratkaisut ryhmille. Majoitustiloissa on tilavat oleskelu- ja ruokailutilat, miss\\u00e4 voit j\\u00e4rjest\\u00e4\\u00e4 kokouksen, ryhm\\u00e4ruokailut tai yhteisen illanvieton.<\\\/span><\\\/p>\\n\n\n<p><span>Majoituksen hintaan kuuluu aina pyyhkeet, liinavaatteet ja normaali loppusiivous.\\u00a0<\\\/span><\\\/p>\\n\n\n<h4>Tervetuloa viihtym\\u00e4\\u00e4n!<\\\/h4>\",\"content_column_breakpoint\":\"m\",\"css\":\"@media (max-width: 959px) {\\n    .el-element { position: static !important; }\\n}\",\"icon_width\":80,\"image_align\":\"top\",\"image_grid_breakpoint\":\"m\",\"image_grid_width\":\"1-2\",\"image_svg_color\":\"emphasis\",\"link_style\":\"text\",\"link_target\":true,\"link_text\":\"Aluekartta\",\"margin\":\"\",\"maxwidth\":\"xlarge\",\"maxwidth_breakpoint\":\"l\",\"meta_align\":\"below-title\",\"meta_element\":\"div\",\"meta_style\":\"text-meta\",\"panel_padding\":\"default\",\"panel_style\":\"card-default\",\"parallax_breakpoint\":\"m\",\"parallax_easing\":\"1\",\"parallax_y\":\"-200,0\",\"position\":\"relative\",\"position_left\":\"-50\",\"text_align\":\"left\",\"title\":\"Koko porukka saman katon alle\",\"title_align\":\"top\",\"title_element\":\"h2\",\"title_grid_breakpoint\":\"m\",\"title_grid_width\":\"1-2\",\"title_hover_style\":\"reset\",\"title_style\":\"h1\"}}]}]}]},{\"type\":\"section\",\"props\":{\"image_position\":\"center-center\",\"style\":\"default\",\"title_breakpoint\":\"xl\",\"title_position\":\"top-left\",\"title_rotation\":\"left\",\"vertical_align\":\"\",\"width\":\"default\"},\"children\":[{\"type\":\"row\",\"children\":[{\"type\":\"column\",\"props\":{\"image_position\":\"center-center\",\"position_sticky_breakpoint\":\"m\"},\"children\":[{\"type\":\"gallery\",\"props\":{\"filter\":false,\"filter_align\":\"left\",\"filter_all\":true,\"filter_grid_breakpoint\":\"m\",\"filter_grid_width\":\"auto\",\"filter_position\":\"top\",\"filter_style\":\"tab\",\"grid_default\":\"1\",\"grid_medium\":\"3\",\"grid_small\":\"3\",\"image_height\":\"500\",\"image_transition\":\"scale-up\",\"image_width\":\"400\",\"item_animation\":true,\"lightbox_bg_close\":true,\"link_style\":\"default\",\"link_text\":\"\",\"margin\":\"default\",\"meta_align\":\"below-title\",\"meta_element\":\"div\",\"meta_margin\":\"remove\",\"meta_style\":\"\",\"overlay_hover\":false,\"overlay_link\":true,\"overlay_maxwidth\":\"xlarge\",\"overlay_mode\":\"caption\",\"overlay_padding\":\"small\",\"overlay_position\":\"bottom-center\",\"overlay_style\":\"tile-default\",\"overlay_transition\":\"fade\",\"parallax_easing\":\"1\",\"show_content\":true,\"show_hover_image\":true,\"show_hover_video\":true,\"show_link\":true,\"show_meta\":true,\"show_title\":true,\"text_align\":\"center\",\"text_color\":\"light\",\"title_element\":\"h3\",\"title_hover_style\":\"reset\",\"title_link\":true,\"title_style\":\"text-lead\"},\"children\":[{\"type\":\"gallery_item\",\"props\":{\"image\":\"wp-content\\\/uploads\\\/2023\\\/09\\\/IMG_10791-scaled.jpg\",\"image_alt\":\"Er\\u00e4maamajoitusta\",\"link\":\"majoitus\\\/eramaakohteet\\\/\",\"link_aria_label\":\"Er\\u00e4maamajoitusta\",\"title\":\"Er\\u00e4maamajoitusta\"}},{\"type\":\"gallery_item\",\"props\":{\"image\":\"wp-content\\\/uploads\\\/2022\\\/03\\\/luppolinna-kesalla3.jpg\",\"image_alt\":\"Luppolinna\",\"link\":\"majoitus\\\/iisakki-villagen-mokit-ja-huoneistot\\\/luppolinna\\\/\",\"link_aria_label\":\"Luppolinna\",\"meta\":\"12-24 hl\\u00f6\\u00e4\",\"title\":\"Luppolinna\"}}],\"name\":\"\\u00c4L\\u00c4\\u00a0KOSKE groups\"}]}]}]}],\"type\":\"layout\",\"version\":\"4.5.16\"} --><\/p>\n","protected":false},"excerpt":{"rendered":"<p>Iisakki Village ja Ruka Majoitusta ryhmille Koko porukka saman katon alle T\u00e4ydelliset majoitusratkaisut ryhmille. Majoitustiloissa on tilavat oleskelu- ja ruokailutilat, miss\u00e4 voit j\u00e4rjest\u00e4\u00e4 kokouksen, ryhm\u00e4ruokailut tai yhteisen illanvieton. Majoituksen hintaan kuuluu aina pyyhkeet, liinavaatteet ja normaali loppusiivous.\u00a0 Tervetuloa viihtym\u00e4\u00e4n! Er\u00e4maamajoitusta Luppolinna 12-24 hl\u00f6\u00e4<\/p>\n","protected":false},"author":1,"featured_media":1100,"parent":517,"menu_order":0,"comment_status":"closed","ping_status":"closed","template":"","meta":{"cybocfi_hide_featured_image":"","footnotes":""},"class_list":["post-792","page","type-page","status-publish","has-post-thumbnail","hentry"],"yoast_head":"<!-- This site is optimized with the Yoast SEO Premium plugin v25.1 (Yoast SEO v25.3) - https:\/\/yoast.com\/wordpress\/plugins\/seo\/ -->\n<title>Majoitusta ryhmille - Ruka Safaris, Kuusamo, Finland<\/title>\n<meta name=\"description\" content=\"T\u00e4ydelliset majoitusratkaisut ryhmille Rukalla, Kuusamossa. Majoitustiloissa on tilavat oleskelutilat, miss\u00e4 voit j\u00e4rjest\u00e4\u00e4 kokouksen tai illanvieton.\" \/>\n<meta name=\"robots\" content=\"index, follow, max-snippet:-1, max-image-preview:large, max-video-preview:-1\" \/>\n<link rel=\"canonical\" href=\"https:\/\/davas.site\/rukasafaris\/majoitus\/ryhmille\/\" \/>\n<meta property=\"og:locale\" content=\"fi_FI\" \/>\n<meta property=\"og:type\" content=\"article\" \/>\n<meta property=\"og:title\" content=\"Majoitusta ryhmille\" \/>\n<meta property=\"og:description\" content=\"T\u00e4ydelliset majoitusratkaisut ryhmille Rukalla, Kuusamossa. Majoitustiloissa on tilavat oleskelutilat, miss\u00e4 voit j\u00e4rjest\u00e4\u00e4 kokouksen tai illanvieton.\" \/>\n<meta property=\"og:url\" content=\"https:\/\/davas.site\/rukasafaris\/majoitus\/ryhmille\/\" \/>\n<meta property=\"og:site_name\" content=\"Ruka Safaris, Kuusamo, Finland\" \/>\n<meta property=\"article:publisher\" content=\"https:\/\/www.facebook.com\/rukasafaris\" \/>\n<meta property=\"article:modified_time\" content=\"2025-05-26T11:41:10+00:00\" \/>\n<meta property=\"og:image\" content=\"https:\/\/davas.site\/rukasafaris\/wp-content\/uploads\/2022\/03\/luppolinna-oleskelu.jpeg\" \/>\n\t<meta property=\"og:image:width\" content=\"640\" \/>\n\t<meta property=\"og:image:height\" content=\"426\" \/>\n\t<meta property=\"og:image:type\" content=\"image\/jpeg\" \/>\n<meta name=\"twitter:card\" content=\"summary_large_image\" \/>\n<meta name=\"twitter:label1\" content=\"Arvioitu lukuaika\" \/>\n\t<meta name=\"twitter:data1\" content=\"1 minuutti\" \/>\n<script type=\"application\/ld+json\" class=\"yoast-schema-graph\">{\"@context\":\"https:\/\/schema.org\",\"@graph\":[{\"@type\":\"WebPage\",\"@id\":\"https:\/\/davas.site\/rukasafaris\/majoitus\/ryhmille\/\",\"url\":\"https:\/\/davas.site\/rukasafaris\/majoitus\/ryhmille\/\",\"name\":\"Majoitusta ryhmille - Ruka Safaris, Kuusamo, Finland\",\"isPartOf\":{\"@id\":\"https:\/\/davas.site\/rukasafaris\/#website\"},\"primaryImageOfPage\":{\"@id\":\"https:\/\/davas.site\/rukasafaris\/majoitus\/ryhmille\/#primaryimage\"},\"image\":{\"@id\":\"https:\/\/davas.site\/rukasafaris\/majoitus\/ryhmille\/#primaryimage\"},\"thumbnailUrl\":\"https:\/\/davas.site\/rukasafaris\/wp-content\/uploads\/2022\/03\/luppolinna-oleskelu.jpeg\",\"datePublished\":\"2022-03-25T10:46:31+00:00\",\"dateModified\":\"2025-05-26T11:41:10+00:00\",\"description\":\"T\u00e4ydelliset majoitusratkaisut ryhmille Rukalla, Kuusamossa. Majoitustiloissa on tilavat oleskelutilat, miss\u00e4 voit j\u00e4rjest\u00e4\u00e4 kokouksen tai illanvieton.\",\"breadcrumb\":{\"@id\":\"https:\/\/davas.site\/rukasafaris\/majoitus\/ryhmille\/#breadcrumb\"},\"inLanguage\":\"fi\",\"potentialAction\":[{\"@type\":\"ReadAction\",\"target\":[\"https:\/\/davas.site\/rukasafaris\/majoitus\/ryhmille\/\"]}]},{\"@type\":\"ImageObject\",\"inLanguage\":\"fi\",\"@id\":\"https:\/\/davas.site\/rukasafaris\/majoitus\/ryhmille\/#primaryimage\",\"url\":\"https:\/\/davas.site\/rukasafaris\/wp-content\/uploads\/2022\/03\/luppolinna-oleskelu.jpeg\",\"contentUrl\":\"https:\/\/davas.site\/rukasafaris\/wp-content\/uploads\/2022\/03\/luppolinna-oleskelu.jpeg\",\"width\":640,\"height\":426},{\"@type\":\"BreadcrumbList\",\"@id\":\"https:\/\/davas.site\/rukasafaris\/majoitus\/ryhmille\/#breadcrumb\",\"itemListElement\":[{\"@type\":\"ListItem\",\"position\":1,\"name\":\"Home\",\"item\":\"https:\/\/davas.site\/rukasafaris\/\"},{\"@type\":\"ListItem\",\"position\":2,\"name\":\"Majoitusta 1-112 hengelle\",\"item\":\"https:\/\/davas.site\/rukasafaris\/majoitus\/\"},{\"@type\":\"ListItem\",\"position\":3,\"name\":\"Majoitusta ryhmille\"}]},{\"@type\":\"WebSite\",\"@id\":\"https:\/\/davas.site\/rukasafaris\/#website\",\"url\":\"https:\/\/davas.site\/rukasafaris\/\",\"name\":\"Ruka Safaris, Kuusamo\",\"description\":\"Adventure Travel Since 1988\",\"publisher\":{\"@id\":\"https:\/\/davas.site\/rukasafaris\/#organization\"},\"potentialAction\":[{\"@type\":\"SearchAction\",\"target\":{\"@type\":\"EntryPoint\",\"urlTemplate\":\"https:\/\/davas.site\/rukasafaris\/?s={search_term_string}\"},\"query-input\":{\"@type\":\"PropertyValueSpecification\",\"valueRequired\":true,\"valueName\":\"search_term_string\"}}],\"inLanguage\":\"fi\"},{\"@type\":\"Organization\",\"@id\":\"https:\/\/davas.site\/rukasafaris\/#organization\",\"name\":\"Ruka Safaris\",\"url\":\"https:\/\/davas.site\/rukasafaris\/\",\"logo\":{\"@type\":\"ImageObject\",\"inLanguage\":\"fi\",\"@id\":\"https:\/\/davas.site\/rukasafaris\/#\/schema\/logo\/image\/\",\"url\":\"https:\/\/davas.site\/rukasafaris\/wp-content\/uploads\/2022\/03\/ruka-safaris-logo.png\",\"contentUrl\":\"https:\/\/davas.site\/rukasafaris\/wp-content\/uploads\/2022\/03\/ruka-safaris-logo.png\",\"width\":500,\"height\":500,\"caption\":\"Ruka Safaris\"},\"image\":{\"@id\":\"https:\/\/davas.site\/rukasafaris\/#\/schema\/logo\/image\/\"},\"sameAs\":[\"https:\/\/www.facebook.com\/rukasafaris\",\"https:\/\/www.instagram.com\/rukasafaris\",\"https:\/\/www.youtube.com\/user\/rukasafaris\"]}]}<\/script>\n<!-- \/ Yoast SEO Premium plugin. -->","yoast_head_json":{"title":"Majoitusta ryhmille - Ruka Safaris, Kuusamo, Finland","description":"T\u00e4ydelliset majoitusratkaisut ryhmille Rukalla, Kuusamossa. Majoitustiloissa on tilavat oleskelutilat, miss\u00e4 voit j\u00e4rjest\u00e4\u00e4 kokouksen tai illanvieton.","robots":{"index":"index","follow":"follow","max-snippet":"max-snippet:-1","max-image-preview":"max-image-preview:large","max-video-preview":"max-video-preview:-1"},"canonical":"https:\/\/davas.site\/rukasafaris\/majoitus\/ryhmille\/","og_locale":"fi_FI","og_type":"article","og_title":"Majoitusta ryhmille","og_description":"T\u00e4ydelliset majoitusratkaisut ryhmille Rukalla, Kuusamossa. Majoitustiloissa on tilavat oleskelutilat, miss\u00e4 voit j\u00e4rjest\u00e4\u00e4 kokouksen tai illanvieton.","og_url":"https:\/\/davas.site\/rukasafaris\/majoitus\/ryhmille\/","og_site_name":"Ruka Safaris, Kuusamo, Finland","article_publisher":"https:\/\/www.facebook.com\/rukasafaris","article_modified_time":"2025-05-26T11:41:10+00:00","og_image":[{"width":640,"height":426,"url":"https:\/\/davas.site\/rukasafaris\/wp-content\/uploads\/2022\/03\/luppolinna-oleskelu.jpeg","type":"image\/jpeg"}],"twitter_card":"summary_large_image","twitter_misc":{"Arvioitu lukuaika":"1 minuutti"},"schema":{"@context":"https:\/\/schema.org","@graph":[{"@type":"WebPage","@id":"https:\/\/davas.site\/rukasafaris\/majoitus\/ryhmille\/","url":"https:\/\/davas.site\/rukasafaris\/majoitus\/ryhmille\/","name":"Majoitusta ryhmille - Ruka Safaris, Kuusamo, Finland","isPartOf":{"@id":"https:\/\/davas.site\/rukasafaris\/#website"},"primaryImageOfPage":{"@id":"https:\/\/davas.site\/rukasafaris\/majoitus\/ryhmille\/#primaryimage"},"image":{"@id":"https:\/\/davas.site\/rukasafaris\/majoitus\/ryhmille\/#primaryimage"},"thumbnailUrl":"https:\/\/davas.site\/rukasafaris\/wp-content\/uploads\/2022\/03\/luppolinna-oleskelu.jpeg","datePublished":"2022-03-25T10:46:31+00:00","dateModified":"2025-05-26T11:41:10+00:00","description":"T\u00e4ydelliset majoitusratkaisut ryhmille Rukalla, Kuusamossa. Majoitustiloissa on tilavat oleskelutilat, miss\u00e4 voit j\u00e4rjest\u00e4\u00e4 kokouksen tai illanvieton.","breadcrumb":{"@id":"https:\/\/davas.site\/rukasafaris\/majoitus\/ryhmille\/#breadcrumb"},"inLanguage":"fi","potentialAction":[{"@type":"ReadAction","target":["https:\/\/davas.site\/rukasafaris\/majoitus\/ryhmille\/"]}]},{"@type":"ImageObject","inLanguage":"fi","@id":"https:\/\/davas.site\/rukasafaris\/majoitus\/ryhmille\/#primaryimage","url":"https:\/\/davas.site\/rukasafaris\/wp-content\/uploads\/2022\/03\/luppolinna-oleskelu.jpeg","contentUrl":"https:\/\/davas.site\/rukasafaris\/wp-content\/uploads\/2022\/03\/luppolinna-oleskelu.jpeg","width":640,"height":426},{"@type":"BreadcrumbList","@id":"https:\/\/davas.site\/rukasafaris\/majoitus\/ryhmille\/#breadcrumb","itemListElement":[{"@type":"ListItem","position":1,"name":"Home","item":"https:\/\/davas.site\/rukasafaris\/"},{"@type":"ListItem","position":2,"name":"Majoitusta 1-112 hengelle","item":"https:\/\/davas.site\/rukasafaris\/majoitus\/"},{"@type":"ListItem","position":3,"name":"Majoitusta ryhmille"}]},{"@type":"WebSite","@id":"https:\/\/davas.site\/rukasafaris\/#website","url":"https:\/\/davas.site\/rukasafaris\/","name":"Ruka Safaris, Kuusamo","description":"Adventure Travel Since 1988","publisher":{"@id":"https:\/\/davas.site\/rukasafaris\/#organization"},"potentialAction":[{"@type":"SearchAction","target":{"@type":"EntryPoint","urlTemplate":"https:\/\/davas.site\/rukasafaris\/?s={search_term_string}"},"query-input":{"@type":"PropertyValueSpecification","valueRequired":true,"valueName":"search_term_string"}}],"inLanguage":"fi"},{"@type":"Organization","@id":"https:\/\/davas.site\/rukasafaris\/#organization","name":"Ruka Safaris","url":"https:\/\/davas.site\/rukasafaris\/","logo":{"@type":"ImageObject","inLanguage":"fi","@id":"https:\/\/davas.site\/rukasafaris\/#\/schema\/logo\/image\/","url":"https:\/\/davas.site\/rukasafaris\/wp-content\/uploads\/2022\/03\/ruka-safaris-logo.png","contentUrl":"https:\/\/davas.site\/rukasafaris\/wp-content\/uploads\/2022\/03\/ruka-safaris-logo.png","width":500,"height":500,"caption":"Ruka Safaris"},"image":{"@id":"https:\/\/davas.site\/rukasafaris\/#\/schema\/logo\/image\/"},"sameAs":["https:\/\/www.facebook.com\/rukasafaris","https:\/\/www.instagram.com\/rukasafaris","https:\/\/www.youtube.com\/user\/rukasafaris"]}]}},"_links":{"self":[{"href":"https:\/\/davas.site\/rukasafaris\/wp-json\/wp\/v2\/pages\/792","targetHints":{"allow":["GET"]}}],"collection":[{"href":"https:\/\/davas.site\/rukasafaris\/wp-json\/wp\/v2\/pages"}],"about":[{"href":"https:\/\/davas.site\/rukasafaris\/wp-json\/wp\/v2\/types\/page"}],"author":[{"embeddable":true,"href":"https:\/\/davas.site\/rukasafaris\/wp-json\/wp\/v2\/users\/1"}],"replies":[{"embeddable":true,"href":"https:\/\/davas.site\/rukasafaris\/wp-json\/wp\/v2\/comments?post=792"}],"version-history":[{"count":17,"href":"https:\/\/davas.site\/rukasafaris\/wp-json\/wp\/v2\/pages\/792\/revisions"}],"predecessor-version":[{"id":11398,"href":"https:\/\/davas.site\/rukasafaris\/wp-json\/wp\/v2\/pages\/792\/revisions\/11398"}],"up":[{"embeddable":true,"href":"https:\/\/davas.site\/rukasafaris\/wp-json\/wp\/v2\/pages\/517"}],"wp:featuredmedia":[{"embeddable":true,"href":"https:\/\/davas.site\/rukasafaris\/wp-json\/wp\/v2\/media\/1100"}],"wp:attachment":[{"href":"https:\/\/davas.site\/rukasafaris\/wp-json\/wp\/v2\/media?parent=792"}],"curies":[{"name":"wp","href":"https:\/\/api.w.org\/{rel}","templated":true}]}}